What is the remainder when 23 is divided by t(-2)?
11
Let y = -6915 + 9328. Calculate the remainder when y is divided by 17.
16
Let x(z) = -z**2 - 3*z + 16. Let l(j) = -2*j**2 - 8*j - 9. Let n be l(-1). Calculate the remainder when 46 is divided by x(n).
14
Suppose -2*y + 69*i - 66*i = -6937, 2*y - i - 6931 = 0. What is the remainder when y is divided by 13?
6
What is the remainder when 5531 is divided by (176/198*(-15)/(-20))/(2/45)?
11
Suppose 4*k - 4*n - 228 = 0, 225 = 5*k - 4*n - 51. Calculate the remainder when 29037 is divided by k.
45
Let u = 347 + -344. Suppose u*y + 0*b = 5*b - 14, 0 = -2*y - 3*b + 16. Calculate the remainder when 8 is divided by y.
0
Let x(f) = f + 46. Let h(n) = -21*n - 145. Let i be h(-7). What is the remainder when x(0) is divided by 78/15*5/i?
7
Suppose 101*n + 55*n - 8919 = -963. What is the remainder when 57 is divided by n?
6
Let w = -215 - -394. What is the remainder when w is divided by 122*(28/8 + -3)?
57
Suppose -5*a + 2*b + 4 = 0, 6 - 1 = a + b. Suppose 5*u - 2100 = -a*u. Suppose 3*v = 15*v - u. Calculate the remainder when 47 is divided by v.
22
Suppose -4*t - 1302 = -2*o + 570, -2*o + 1872 = 5*t. Calculate the remainder when o is divided by 21.
12
Let a = -17705 + 17750. Calculate the remainder when 1811 is divided by a.
11
Suppose -123 = -11*x + 4 + 159. Let a = 0 - -14. What is the remainder when x is divided by a?
12
Let y(u) = u**3 + 5*u**2 + 8*u + 2. Let c be ((-6)/(-36)*9)/((-1)/2). Let b be y(c). What is the remainder when 11 is divided by (25/50)/((-1)/b*1)?
1
Let l = -154 + 199. What is the remainder when 17/(-3) + 10/15 + 271 is divided by l?
41
Let j = -8 - -22. Suppose -5*q + 6 = 2*k - j, k - 4*q + 16 = 0. Suppose 5*i + 11 - 61 = k. What is the remainder when 27 is divided by i?
7
Let r(u) = -16 - 15 - 15 + 3*u**2 + 50. Suppose 4*n - 4 - 4 = 0. Calculate the remainder when 63 is divided by r(n).
15
Suppose -12*z + 83 + 85 = 0. Suppose 0 = -z*y + 684 + 1920. Calculate the remainder when y is divided by 38.
34
Let o(d) = -90*d - 33. Let y be o(-4). Let a = -317 + y. Calculate the remainder when 89 is divided by a.
9
Let a(l) = -l**3 - 3*l**2 + 2*l - 4. Let c be a(-4). Suppose 9*j - c*j - 95 = 0. Suppose -109*o + 117*o - 14 = 42. What is the remainder when j is divided by o?
5
Suppose 15*u + 13*h = 12*u + 13321, 4*u - 17794 = -h. Calculate the remainder when u is divided by 106.
103
Let t(r) = -r + 13. Suppose 0 = 11*v - 311 - 470. What is the remainder when v is divided by t(-7)?
11
Let q(t) = -t**2 + 7*t + 125. What is the remainder when 82 is divided by q(-8)?
2
Let z be 2583/45 + (-4)/10. Let m be ((-2)/6)/(7 + (-400)/z). Suppose 13*t + 48 = m*t. Calculate the remainder when 30 is divided by t.
6
Let d = -3940 + 4185. What is the remainder when d is divided by 45?
20
Let q = -242 - -254. Suppose 36 = -q*x + 564. Calculate the remainder when 215 is divided by x.
39
Let l(w) = -w**2 + 34*w - 30. Let q be l(33). Suppose 0 = -5*c - q*b + 331, -4*b = -9*c + 11*c - 124. Calculate the remainder when c is divided by 7.
5
Suppose 85*y - 14*y - 128297 = 0. Calculate the remainder when y is divided by 8.
7
Let d = 1111 - 942. Calculate the remainder when 552 is divided by d.
45
Suppose -u + 4*u - 141 = 2*i, 0 = 2*i + 6. Let t = -3361 - -3373. Calculate the remainder when u is divided by t.
9
Let j = 784 + -593. Suppose 0 = -s + 64 - 16. What is the remainder when j is divided by s?
47
Let g(k) be the second derivative of k**4/3 + 7*k**3/6 - 3*k**2 + 44*k - 2. Calculate the remainder when g(2) is divided by (-2)/1 + 1*15.
11
Let q be (-4)/(48/20) + (-20)/(-3). Suppose 4*u + 87 = q*t, 2*t + 3*u + 2 = 23. Calculate the remainder when 491 is divided by t.
11
Let z be 1/7*-6*21/3. Let x(s) = -6*s - 6. Let q be x(z). Suppose 0 = 6*v - q. Calculate the remainder when 19 is divided by v.
4
Suppose -3*m = 2*g - 494, g - 120 = -5*m + 708. Suppose 0 = 34*x - 12498 + 11546. Calculate the remainder when m is divided by x.
26
Suppose 4869 = 21*s - 12*s. Let m = s - 520. What is the remainder when 39 is divided by m?
18
Let t = -248 - -89. Let n = t - -199. What is the remainder when 199 is divided by n?
39
Let d(p) = -17*p + 16. Let l be d(1). Let a(z) = -13*z**3 + z**2. Calculate the remainder when 41 is divided by a(l).
13
Let m(w) = 4*w**3 - 3*w**2 - 22*w + 29. Calculate the remainder when m(3) is divided by 19.
6
Let p = 5590 - 5520. Calculate the remainder when 144 is divided by p.
4
Suppose 0 = -2*c + 8*w - 5*w + 319, -173 = -c - 3*w. What is the remainder when c is divided by 17?
11
What is the remainder when 114 is divided by 2 - (9 + 2 - 5) - (-60 - 0)?
2
Suppose 3*y + 43 = o, -8*o + 4*o - 2*y = -158. Let k(g) = 23*g**2 - 5*g + 6. Calculate the remainder when k(3) is divided by o.
38
Let k be (2 - 44/8)*2. Let f = 1490 + 757. Calculate the remainder when (-1)/(-2 - (f/162)/k) is divided by 14.
12
Let f(b) = -6*b + b**2 - 14 - b - 5*b - 2*b**2. Let v be f(-11). Calculate the remainder when (2 + (v - 0))/((-3)/66) is divided by 13.
9
Suppose -3743 = -33*h - 113. Calculate the remainder when h is divided by 43.
24
Let i(b) = -b**3 + 18*b**2 - 20*b - 36. Let w be i(16). Suppose -5*a + 5*t = 3*t - 178, -w = -4*a + 5*t. Calculate the remainder when 813 is divided by a.
31
Let j(d) be the third derivative of -d**4 + 71*d**3/2 - 129*d**2. Calculate the remainder when j(7) is divided by 8.
5
Let v = 12396 - 12038. What is the remainder when v is divided by 254?
104
What is the remainder when 1122 is divided by ((-70)/4)/(3045/(-8700))?
22
Suppose 4*u = k - 236, -k - 9*u + 241 = -12*u. Calculate the remainder when k is divided by (2 - -55) + 20/(-5).
44
Suppose -14*l + 8*l = 83*l - 43254. Calculate the remainder when 743 is divided by l.
257
Let s(p) = p**2 - p + 1. Suppose q - 129*n = -124*n + 102, -q + 74 = 9*n. Calculate the remainder when q is divided by s(5).
8
Let r(l) = l**3 + 5*l**2 - 12*l + 19. Let n be r(5). Let x = n - 102. Calculate the remainder when x is divided by 54.
53
Let y(l) = l**2 - 26*l - 81. Let t = 83 - 80. What is the remainder when (0 + 6*t/(-15))*-10 is divided by y(29)?
0
Let x be 0/(3 + -7 + 3). Suppose c - 73 = 2*v, -c - 5*v + 0*v + 101 = x. Let m(g) = g**2 + 9*g + 23. What is the remainder when c is divided by m(-9)?
12
Let t = -1 - -6. Let y(s) = s**2 + 18*s + 39. Suppose 151 = -14*z - 73. What is the remainder when y(z) is divided by t?
2
Suppose 4*s = 12*s + 56. Let l = 26 + s. Suppose 0 = 2*p - 7*p + 750. Calculate the remainder when p is divided by l.
17
Suppose -11*u + 302 = 49. Suppose 0 = u*v - 14*v - 864. Let p = 5 + 28. What is the remainder when v is divided by p?
30
What is the remainder when 6308/95*(54 - -1) is divided by 174?
172
Suppose -9*x - 17 + 314 = 0. Calculate the remainder when 46 is divided by 4/8*(x + 5).
8
Suppose -7*x + 17*x - 117 = -17. Let o = -39 - -86. Calculate the remainder when o is divided by x.
7
Suppose 24 = 4*t + 5*j, -5*t + 4*t = 5*j - 6. Suppose f + 55 = 6*f. Let m(h) = -9*h + 132. Calculate the remainder when m(f) is divided by t.
3
Let i = -45 - -87. Suppose 2*h - 5*b - 402 = 0, 4*h - 4*b + 7*b - 830 = 0. Suppose h*u = 219*u - 2132. What is the remainder when u is divided by i?
38
Let d(n) = 2*n**2 - n + 1. Let z be d(-1). Suppose -388 = -z*o - 0*o - 4*c, 3*c = -2*o + 198. What is the remainder when o is divided by 24?
21
Suppose -g = -5*g + 5*n - 49, -4*g - 39 = -3*n. Suppose 0 = l - v - 5, -9*l + 31 = -4*l + v. Calculate the remainder when 16/g*-6 + 3 - 1 is divided by l.
0
Suppose -10*f = -11*f - 2. Let c = f + 66. Let o = c + -31. What is the remainder when o is divided by 17?
16
Suppose 7191 = 216*t - 193 - 2336. What is the remainder when 994 is divided by t?
4
Suppose 24*b + 1282 + 254 = 0. Calculate the remainder when 234 is divided by 136/(-6)*96/b.
30
Let w(m) = 75*m**2 - 11*m + 5. Suppose 2*t + 83 = 273. What is the remainder when w(2) is divided by t?
93
Let n = 991 + -648. Let k = 349 - n. Calculate the remainder when 13 is divided by k.
1
Suppose 167*c - 54052 - 399186 = 0. Calculate the remainder when 5445 is divided by c.
17
Suppose -6*z = 23 - 245. Suppose 213 = z*v + 28. Suppose 0 = 4*u + 68 - 276. Calculate the remainder when u is divided by v.
2
Let x(q) = -q + 12. Let g = -54 + 61. Let r be x(g). Suppose -2*s - r*m - 